{"id":220,"date":"2025-09-26T16:04:27","date_gmt":"2025-09-26T13:04:27","guid":{"rendered":"https:\/\/tuskim.org\/?page_id=220"},"modified":"2025-09-27T10:05:53","modified_gmt":"2025-09-27T07:05:53","slug":"projeler","status":"publish","type":"page","link":"https:\/\/tuskim.org\/?page_id=220","title":{"rendered":"Projeler"},"content":{"rendered":"\t\t<div data-elementor-type=\"wp-page\" data-elementor-id=\"220\" class=\"elementor elementor-220\">\n\t\t\t\t<div class=\"elementor-element elementor-element-02473a8 e-flex e-con-boxed e-con e-parent\" data-id=\"02473a8\" data-element_type=\"container\">\n\t\t\t\t\t<div class=\"e-con-inner\">\n\t\t<div class=\"elementor-element elementor-element-f5bc5e1 e-con-full e-flex e-con e-child\" data-id=\"f5bc5e1\" data-element_type=\"container\" data-settings=\"{&quot;animation&quot;:&quot;none&quot;}\">\n\t\t<div class=\"elementor-element elementor-element-e6a9b8c e-con-full e-flex e-con e-child\" data-id=\"e6a9b8c\" data-element_type=\"container\" data-settings=\"{&quot;animation&quot;:&quot;none&quot;}\">\n\t\t<div class=\"elementor-element elementor-element-1f9d55f e-con-full e-flex e-con e-child\" data-id=\"1f9d55f\" data-element_type=\"container\">\n\t\t\t\t<div class=\"elementor-element elementor-element-aa90c31 elementor-widget elementor-widget-heading\" data-id=\"aa90c31\" data-element_type=\"widget\" data-widget_type=\"heading.default\">\n\t\t\t\t\t<h2 class=\"elementor-heading-title elementor-size-default\">Ger\u00e7ekle\u015ftirilen \u00f6rnek i\u015f birlikleri<\/h2>\t\t\t\t<\/div>\n\t\t\t\t<\/div>\n\t\t<div class=\"elementor-element elementor-element-94fd181 e-con-full e-flex e-con e-child\" data-id=\"94fd181\" data-element_type=\"container\">\n\t\t\t\t<div class=\"elementor-element elementor-element-4cb91d9 elementor-widget elementor-widget-text-editor\" data-id=\"4cb91d9\" data-element_type=\"widget\" data-widget_type=\"text-editor.default\">\n\t\t\t\t\t\t\t\t\t<p>Ger\u00e7ekle\u015ftirilen \u00f6rnek i\u015f birlikleri, kar\u015f\u0131l\u0131kl\u0131 g\u00fcven ve ortak hedefler do\u011frultusunda hayata ge\u00e7irilmi\u015ftir. Bu kapsamda y\u00fcr\u00fct\u00fclen projeler, hem kurumlar\u0131n kendi alanlar\u0131ndaki g\u00fc\u00e7lerini bir araya getirmesine hem de b\u00f6lgesel ve uluslararas\u0131 \u00f6l\u00e7ekte katma de\u011fer yarat\u0131lmas\u0131na katk\u0131 sa\u011flam\u0131\u015ft\u0131r. \u0130\u015f birli\u011fi \u00f6rnekleri, sadece ekonomik fayda \u00fcretmekle kalmay\u0131p ayn\u0131 zamanda sosyal sorumluluk, bilgi ve deneyim payla\u015f\u0131m\u0131 a\u00e7\u0131s\u0131ndan da \u00f6nemli kazan\u0131mlar sunmu\u015ftur. B\u00f6ylece gelecekteki ortak \u00e7al\u0131\u015fmalar i\u00e7in sa\u011flam bir temel olu\u015fturulmu\u015f, s\u00fcrd\u00fcr\u00fclebilir geli\u015fim ve uzun vadeli ba\u015far\u0131 hedefleri desteklenmi\u015ftir<\/p>\t\t\t\t\t\t\t\t<\/div>\n\t\t\t\t<\/div>\n\t\t\t\t<\/div>\n\t\t\t\t<\/div>\n\t\t<div class=\"elementor-element elementor-element-e8c8a43 e-con-full e-flex e-con e-child\" data-id=\"e8c8a43\" data-element_type=\"container\" data-settings=\"{&quot;animation&quot;:&quot;none&quot;}\">\n\t\t\t\t<div class=\"elementor-element elementor-element-44798a4 elementor-widget elementor-widget-image\" data-id=\"44798a4\" data-element_type=\"widget\" data-widget_type=\"image.default\">\n\t\t\t\t\t\t\t\t\t\t\t\t\t\t\t<img fetchpriority=\"high\" decoding=\"async\" width=\"930\" height=\"521\" src=\"https:\/\/tuskim.org\/wp-content\/uploads\/2025\/09\/Ekran-goruntusu-2025-09-27-100437.png\" class=\"attachment-large size-large wp-image-310\" alt=\"\" srcset=\"https:\/\/tuskim.org\/wp-content\/uploads\/2025\/09\/Ekran-goruntusu-2025-09-27-100437.png 930w, https:\/\/tuskim.org\/wp-content\/uploads\/2025\/09\/Ekran-goruntusu-2025-09-27-100437-300x168.png 300w, https:\/\/tuskim.org\/wp-content\/uploads\/2025\/09\/Ekran-goruntusu-2025-09-27-100437-768x430.png 768w\" sizes=\"(max-width: 930px) 100vw, 930px\" \/>\t\t\t\t\t\t\t\t\t\t\t\t\t\t\t<\/div>\n\t\t\t\t<\/div>\n\t\t\t\t\t<\/div>\n\t\t\t\t<\/div>\n\t\t<div class=\"elementor-element elementor-element-c3c065f e-flex e-con-boxed e-con e-parent\" data-id=\"c3c065f\" data-element_type=\"container\">\n\t\t\t\t\t<div class=\"e-con-inner\">\n\t\t<div class=\"elementor-element elementor-element-4a4a49e e-con-full e-flex e-con e-child\" data-id=\"4a4a49e\" data-element_type=\"container\">\n\t\t\t\t<div class=\"elementor-element elementor-element-b2a0b72 elementor-widget elementor-widget-image\" data-id=\"b2a0b72\" data-element_type=\"widget\" data-widget_type=\"image.default\">\n\t\t\t\t\t\t\t\t\t\t\t\t\t\t\t<img decoding=\"async\" width=\"926\" height=\"522\" src=\"https:\/\/tuskim.org\/wp-content\/uploads\/2025\/09\/Ekran-goruntusu-2025-09-27-100428.png\" class=\"attachment-large size-large wp-image-309\" alt=\"\" srcset=\"https:\/\/tuskim.org\/wp-content\/uploads\/2025\/09\/Ekran-goruntusu-2025-09-27-100428.png 926w, https:\/\/tuskim.org\/wp-content\/uploads\/2025\/09\/Ekran-goruntusu-2025-09-27-100428-300x169.png 300w, https:\/\/tuskim.org\/wp-content\/uploads\/2025\/09\/Ekran-goruntusu-2025-09-27-100428-768x433.png 768w\" sizes=\"(max-width: 926px) 100vw, 926px\" \/>\t\t\t\t\t\t\t\t\t\t\t\t\t\t\t<\/div>\n\t\t\t\t<\/div>\n\t\t<div class=\"elementor-element elementor-element-a048407 e-con-full e-flex e-con e-child\" data-id=\"a048407\" data-element_type=\"container\">\n\t\t<div class=\"elementor-element elementor-element-2595935 e-con-full e-flex e-con e-child\" data-id=\"2595935\" data-element_type=\"container\">\n\t\t<div class=\"elementor-element elementor-element-013812d e-con-full e-flex e-con e-child\" data-id=\"013812d\" data-element_type=\"container\">\n\t\t\t\t<div class=\"elementor-element elementor-element-82a9614 elementor-widget elementor-widget-heading\" data-id=\"82a9614\" data-element_type=\"widget\" data-widget_type=\"heading.default\">\n\t\t\t\t\t<h2 class=\"elementor-heading-title elementor-size-default\">B\u00f6lgesel kalk\u0131nma projeleri.<span style=\"font-size: 2rem\"><\/span><\/h2>\t\t\t\t<\/div>\n\t\t\t\t<\/div>\n\t\t<div class=\"elementor-element elementor-element-1fdb8d3 e-con-full e-flex e-con e-child\" data-id=\"1fdb8d3\" data-element_type=\"container\">\n\t\t\t\t<div class=\"elementor-element elementor-element-838aec3 elementor-widget elementor-widget-text-editor\" data-id=\"838aec3\" data-element_type=\"widget\" data-widget_type=\"text-editor.default\">\n\t\t\t\t\t\t\t\t\t<p>B\u00f6lgesel kalk\u0131nma projeleri, yerel potansiyeli harekete ge\u00e7irerek ekonomik, sosyal ve k\u00fclt\u00fcrel alanlarda s\u00fcrd\u00fcr\u00fclebilir b\u00fcy\u00fcmeyi hedeflemektedir. Bu projeler sayesinde istihdam olanaklar\u0131 art\u0131r\u0131l\u0131rken, altyap\u0131 yat\u0131r\u0131mlar\u0131 ve giri\u015fimcilik destekleri ile b\u00f6lgelerin rekabet g\u00fcc\u00fc y\u00fckseltilmektedir. Ayr\u0131ca e\u011fitim, teknoloji ve \u00e7evre odakl\u0131 \u00e7al\u0131\u015fmalarla toplumsal refah\u0131n art\u0131r\u0131lmas\u0131 ama\u00e7lanmakta, b\u00f6lgesel f\u0131rsat e\u015fitsizliklerinin giderilmesi y\u00f6n\u00fcnde \u00f6nemli ad\u0131mlar at\u0131lmaktad\u0131r. B\u00f6ylece hem yerel topluluklar g\u00fc\u00e7lendirilmekte hem de ulusal kalk\u0131nma hedeflerine katk\u0131 sunulmaktad\u0131r.<\/p>\t\t\t\t\t\t\t\t<\/div>\n\t\t\t\t<\/div>\n\t\t\t\t<\/div>\n\t\t\t\t<\/div>\n\t\t\t\t\t<\/div>\n\t\t\t\t<\/div>\n\t\t<div class=\"elementor-element elementor-element-03dbcd9 e-flex e-con-boxed e-con e-parent\" data-id=\"03dbcd9\" data-element_type=\"container\">\n\t\t\t\t\t<div class=\"e-con-inner\">\n\t\t<div class=\"elementor-element elementor-element-d0e5e76 e-con-full e-flex e-con e-child\" data-id=\"d0e5e76\" data-element_type=\"container\">\n\t\t<div class=\"elementor-element elementor-element-1c3d2e0 e-con-full e-flex e-con e-child\" data-id=\"1c3d2e0\" data-element_type=\"container\">\n\t\t<div class=\"elementor-element elementor-element-b2cd8f3 e-con-full e-flex e-con e-child\" data-id=\"b2cd8f3\" data-element_type=\"container\">\n\t\t\t\t<div class=\"elementor-element elementor-element-2e4f9b0 elementor-widget elementor-widget-heading\" data-id=\"2e4f9b0\" data-element_type=\"widget\" data-widget_type=\"heading.default\">\n\t\t\t\t\t<h2 class=\"elementor-heading-title elementor-size-default\">Sosyal sorumluluk ve toplumsal projeler.<\/h2>\t\t\t\t<\/div>\n\t\t\t\t<\/div>\n\t\t<div class=\"elementor-element elementor-element-3b2ab14 e-con-full e-flex e-con e-child\" data-id=\"3b2ab14\" data-element_type=\"container\">\n\t\t\t\t<div class=\"elementor-element elementor-element-1a690c1 elementor-widget elementor-widget-text-editor\" data-id=\"1a690c1\" data-element_type=\"widget\" data-widget_type=\"text-editor.default\">\n\t\t\t\t\t\t\t\t\t<p>Sosyal sorumluluk ve toplumsal projeler, toplumun ihtiya\u00e7lar\u0131na duyarl\u0131 bir yakla\u015f\u0131m sergileyerek s\u00fcrd\u00fcr\u00fclebilir geli\u015fime katk\u0131 sa\u011flamaktad\u0131r. Bu kapsamda y\u00fcr\u00fct\u00fclen \u00e7al\u0131\u015fmalar; e\u011fitim, sa\u011fl\u0131k, \u00e7evre, k\u00fclt\u00fcr ve sosyal dayan\u0131\u015fma alanlar\u0131nda toplumun her kesimine dokunmay\u0131 ama\u00e7lamaktad\u0131r. G\u00f6n\u00fcll\u00fcl\u00fck esasl\u0131 faaliyetler ve kurumlar\u0131n destekledi\u011fi projeler sayesinde bireylerin ya\u015fam kalitesi y\u00fckseltilmekte, toplumsal fark\u0131ndal\u0131k art\u0131r\u0131lmakta ve sosyal adaletin g\u00fc\u00e7lenmesine katk\u0131 sunulmaktad\u0131r. B\u00f6ylece hem bireylerin hem de kurumlar\u0131n ortak de\u011ferler etraf\u0131nda birle\u015fti\u011fi, g\u00fc\u00e7l\u00fc bir toplumsal etki alan\u0131 olu\u015fturulmaktad\u0131r<\/p>\t\t\t\t\t\t\t\t<\/div>\n\t\t\t\t<\/div>\n\t\t\t\t<\/div>\n\t\t\t\t<\/div>\n\t\t<div class=\"elementor-element elementor-element-36a35f9 e-con-full e-flex e-con e-child\" data-id=\"36a35f9\" data-element_type=\"container\">\n\t\t\t\t<div class=\"elementor-element elementor-element-2e7511f elementor-widget elementor-widget-image\" data-id=\"2e7511f\" data-element_type=\"widget\" data-widget_type=\"image.default\">\n\t\t\t\t\t\t\t\t\t\t\t\t\t\t\t<img decoding=\"async\" width=\"930\" height=\"519\" src=\"https:\/\/tuskim.org\/wp-content\/uploads\/2025\/09\/Ekran-goruntusu-2025-09-27-100445.png\" class=\"attachment-large size-large wp-image-311\" alt=\"\" srcset=\"https:\/\/tuskim.org\/wp-content\/uploads\/2025\/09\/Ekran-goruntusu-2025-09-27-100445.png 930w, https:\/\/tuskim.org\/wp-content\/uploads\/2025\/09\/Ekran-goruntusu-2025-09-27-100445-300x167.png 300w, https:\/\/tuskim.org\/wp-content\/uploads\/2025\/09\/Ekran-goruntusu-2025-09-27-100445-768x429.png 768w\" sizes=\"(max-width: 930px) 100vw, 930px\" \/>\t\t\t\t\t\t\t\t\t\t\t\t\t\t\t<\/div>\n\t\t\t\t<\/div>\n\t\t\t\t\t<\/div>\n\t\t\t\t<\/div>\n\t\t\t\t<\/div>\n\t\t","protected":false},"excerpt":{"rendered":"<p>Ger\u00e7ekle\u015ftirilen \u00f6rnek i\u015f birlikleri Ger\u00e7ekle\u015ftirilen \u00f6rnek i\u015f birlikleri, kar\u015f\u0131l\u0131kl\u0131 g\u00fcven ve ortak hedefler do\u011frultusunda hayata ge\u00e7irilmi\u015ftir. Bu kapsamda y\u00fcr\u00fct\u00fclen projeler, hem kurumlar\u0131n kendi alanlar\u0131ndaki g\u00fc\u00e7lerini bir araya getirmesine hem de b\u00f6lgesel ve uluslararas\u0131 \u00f6l\u00e7ekte katma de\u011fer yarat\u0131lmas\u0131na katk\u0131 sa\u011flam\u0131\u015ft\u0131r. \u0130\u015f birli\u011fi \u00f6rnekleri, sadece ekonomik fayda \u00fcretmekle kalmay\u0131p ayn\u0131 zamanda sosyal sorumluluk, bilgi ve deneyim payla\u015f\u0131m\u0131 [&hellip;]<\/p>\n","protected":false},"author":1,"featured_media":0,"parent":0,"menu_order":0,"comment_status":"closed","ping_status":"closed","template":"","meta":{"footnotes":""},"class_list":["post-220","page","type-page","status-publish","hentry"],"_links":{"self":[{"href":"https:\/\/tuskim.org\/index.php?rest_route=\/wp\/v2\/pages\/220","targetHints":{"allow":["GET"]}}],"collection":[{"href":"https:\/\/tuskim.org\/index.php?rest_route=\/wp\/v2\/pages"}],"about":[{"href":"https:\/\/tuskim.org\/index.php?rest_route=\/wp\/v2\/types\/page"}],"author":[{"embeddable":true,"href":"https:\/\/tuskim.org\/index.php?rest_route=\/wp\/v2\/users\/1"}],"replies":[{"embeddable":true,"href":"https:\/\/tuskim.org\/index.php?rest_route=%2Fwp%2Fv2%2Fcomments&post=220"}],"version-history":[{"count":14,"href":"https:\/\/tuskim.org\/index.php?rest_route=\/wp\/v2\/pages\/220\/revisions"}],"predecessor-version":[{"id":314,"href":"https:\/\/tuskim.org\/index.php?rest_route=\/wp\/v2\/pages\/220\/revisions\/314"}],"wp:attachment":[{"href":"https:\/\/tuskim.org\/index.php?rest_route=%2Fwp%2Fv2%2Fmedia&parent=220"}],"curies":[{"name":"wp","href":"https:\/\/api.w.org\/{rel}","templated":true}]}}

<div data-elementor-type="wp-page" data-elementor-id="220" class="elementor elementor-220">
				<div class="elementor-element elementor-element-02473a8 e-flex e-con-boxed e-con e-parent" data-id="02473a8" data-element_type="container">
					<div class="e-con-inner">
		<div class="elementor-element elementor-element-f5bc5e1 e-con-full e-flex e-con e-child" data-id="f5bc5e1" data-element_type="container" data-settings="{&quot;animation&quot;:&quot;none&quot;}">
		<div class="elementor-element elementor-element-e6a9b8c e-con-full e-flex e-con e-child" data-id="e6a9b8c" data-element_type="container" data-settings="{&quot;animation&quot;:&quot;none&quot;}">
		<div class="elementor-element elementor-element-1f9d55f e-con-full e-flex e-con e-child" data-id="1f9d55f" data-element_type="container">
				<div class="elementor-element elementor-element-aa90c31 elementor-widget elementor-widget-heading" data-id="aa90c31" data-element_type="widget" data-widget_type="heading.default">
					<h2 class="elementor-heading-title elementor-size-default">Gerçekleştirilen örnek iş birlikleri</h2>				</div>
				</div>
		<div class="elementor-element elementor-element-94fd181 e-con-full e-flex e-con e-child" data-id="94fd181" data-element_type="container">
				<div class="elementor-element elementor-element-4cb91d9 elementor-widget elementor-widget-text-editor" data-id="4cb91d9" data-element_type="widget" data-widget_type="text-editor.default">
									<p>Gerçekleştirilen örnek iş birlikleri, karşılıklı güven ve ortak hedefler doğrultusunda hayata geçirilmiştir. Bu kapsamda yürütülen projeler, hem kurumların kendi alanlarındaki güçlerini bir araya getirmesine hem de bölgesel ve uluslararası ölçekte katma değer yaratılmasına katkı sağlamıştır. İş birliği örnekleri, sadece ekonomik fayda üretmekle kalmayıp aynı zamanda sosyal sorumluluk, bilgi ve deneyim paylaşımı açısından da önemli kazanımlar sunmuştur. Böylece gelecekteki ortak çalışmalar için sağlam bir temel oluşturulmuş, sürdürülebilir gelişim ve uzun vadeli başarı hedefleri desteklenmiştir</p>								</div>
				</div>
				</div>
				</div>
		<div class="elementor-element elementor-element-e8c8a43 e-con-full e-flex e-con e-child" data-id="e8c8a43" data-element_type="container" data-settings="{&quot;animation&quot;:&quot;none&quot;}">
				<div class="elementor-element elementor-element-44798a4 elementor-widget elementor-widget-image" data-id="44798a4" data-element_type="widget" data-widget_type="image.default">
															<img fetchpriority="high" decoding="async" width="930" height="521" src="https://tuskim.org/wp-content/uploads/2025/09/Ekran-goruntusu-2025-09-27-100437.png" class="attachment-large size-large wp-image-310" alt="" srcset="https://tuskim.org/wp-content/uploads/2025/09/Ekran-goruntusu-2025-09-27-100437.png 930w, https://tuskim.org/wp-content/uploads/2025/09/Ekran-goruntusu-2025-09-27-100437-300x168.png 300w, https://tuskim.org/wp-content/uploads/2025/09/Ekran-goruntusu-2025-09-27-100437-768x430.png 768w" sizes="(max-width: 930px) 100vw, 930px" />															</div>
				</div>
					</div>
				</div>
		<div class="elementor-element elementor-element-c3c065f e-flex e-con-boxed e-con e-parent" data-id="c3c065f" data-element_type="container">
					<div class="e-con-inner">
		<div class="elementor-element elementor-element-4a4a49e e-con-full e-flex e-con e-child" data-id="4a4a49e" data-element_type="container">
				<div class="elementor-element elementor-element-b2a0b72 elementor-widget elementor-widget-image" data-id="b2a0b72" data-element_type="widget" data-widget_type="image.default">
															<img decoding="async" width="926" height="522" src="https://tuskim.org/wp-content/uploads/2025/09/Ekran-goruntusu-2025-09-27-100428.png" class="attachment-large size-large wp-image-309" alt="" srcset="https://tuskim.org/wp-content/uploads/2025/09/Ekran-goruntusu-2025-09-27-100428.png 926w, https://tuskim.org/wp-content/uploads/2025/09/Ekran-goruntusu-2025-09-27-100428-300x169.png 300w, https://tuskim.org/wp-content/uploads/2025/09/Ekran-goruntusu-2025-09-27-100428-768x433.png 768w" sizes="(max-width: 926px) 100vw, 926px" />															</div>
				</div>
		<div class="elementor-element elementor-element-a048407 e-con-full e-flex e-con e-child" data-id="a048407" data-element_type="container">
		<div class="elementor-element elementor-element-2595935 e-con-full e-flex e-con e-child" data-id="2595935" data-element_type="container">
		<div class="elementor-element elementor-element-013812d e-con-full e-flex e-con e-child" data-id="013812d" data-element_type="container">
				<div class="elementor-element elementor-element-82a9614 elementor-widget elementor-widget-heading" data-id="82a9614" data-element_type="widget" data-widget_type="heading.default">
					<h2 class="elementor-heading-title elementor-size-default">Bölgesel kalkınma projeleri.<span style="font-size: 2rem"></span></h2>				</div>
				</div>
		<div class="elementor-element elementor-element-1fdb8d3 e-con-full e-flex e-con e-child" data-id="1fdb8d3" data-element_type="container">
				<div class="elementor-element elementor-element-838aec3 elementor-widget elementor-widget-text-editor" data-id="838aec3" data-element_type="widget" data-widget_type="text-editor.default">
									<p>Bölgesel kalkınma projeleri, yerel potansiyeli harekete geçirerek ekonomik, sosyal ve kültürel alanlarda sürdürülebilir büyümeyi hedeflemektedir. Bu projeler sayesinde istihdam olanakları artırılırken, altyapı yatırımları ve girişimcilik destekleri ile bölgelerin rekabet gücü yükseltilmektedir. Ayrıca eğitim, teknoloji ve çevre odaklı çalışmalarla toplumsal refahın artırılması amaçlanmakta, bölgesel fırsat eşitsizliklerinin giderilmesi yönünde önemli adımlar atılmaktadır. Böylece hem yerel topluluklar güçlendirilmekte hem de ulusal kalkınma hedeflerine katkı sunulmaktadır.</p>								</div>
				</div>
				</div>
				</div>
					</div>
				</div>
		<div class="elementor-element elementor-element-03dbcd9 e-flex e-con-boxed e-con e-parent" data-id="03dbcd9" data-element_type="container">
					<div class="e-con-inner">
		<div class="elementor-element elementor-element-d0e5e76 e-con-full e-flex e-con e-child" data-id="d0e5e76" data-element_type="container">
		<div class="elementor-element elementor-element-1c3d2e0 e-con-full e-flex e-con e-child" data-id="1c3d2e0" data-element_type="container">
		<div class="elementor-element elementor-element-b2cd8f3 e-con-full e-flex e-con e-child" data-id="b2cd8f3" data-element_type="container">
				<div class="elementor-element elementor-element-2e4f9b0 elementor-widget elementor-widget-heading" data-id="2e4f9b0" data-element_type="widget" data-widget_type="heading.default">
					<h2 class="elementor-heading-title elementor-size-default">Sosyal sorumluluk ve toplumsal projeler.</h2>				</div>
				</div>
		<div class="elementor-element elementor-element-3b2ab14 e-con-full e-flex e-con e-child" data-id="3b2ab14" data-element_type="container">
				<div class="elementor-element elementor-element-1a690c1 elementor-widget elementor-widget-text-editor" data-id="1a690c1" data-element_type="widget" data-widget_type="text-editor.default">
									<p>Sosyal sorumluluk ve toplumsal projeler, toplumun ihtiyaçlarına duyarlı bir yaklaşım sergileyerek sürdürülebilir gelişime katkı sağlamaktadır. Bu kapsamda yürütülen çalışmalar; eğitim, sağlık, çevre, kültür ve sosyal dayanışma alanlarında toplumun her kesimine dokunmayı amaçlamaktadır. Gönüllülük esaslı faaliyetler ve kurumların desteklediği projeler sayesinde bireylerin yaşam kalitesi yükseltilmekte, toplumsal farkındalık artırılmakta ve sosyal adaletin güçlenmesine katkı sunulmaktadır. Böylece hem bireylerin hem de kurumların ortak değerler etrafında birleştiği, güçlü bir toplumsal etki alanı oluşturulmaktadır</p>								</div>
				</div>
				</div>
				</div>
		<div class="elementor-element elementor-element-36a35f9 e-con-full e-flex e-con e-child" data-id="36a35f9" data-element_type="container">
				<div class="elementor-element elementor-element-2e7511f elementor-widget elementor-widget-image" data-id="2e7511f" data-element_type="widget" data-widget_type="image.default">
															<img decoding="async" width="930" height="519" src="https://tuskim.org/wp-content/uploads/2025/09/Ekran-goruntusu-2025-09-27-100445.png" class="attachment-large size-large wp-image-311" alt="" srcset="https://tuskim.org/wp-content/uploads/2025/09/Ekran-goruntusu-2025-09-27-100445.png 930w, https://tuskim.org/wp-content/uploads/2025/09/Ekran-goruntusu-2025-09-27-100445-300x167.png 300w, https://tuskim.org/wp-content/uploads/2025/09/Ekran-goruntusu-2025-09-27-100445-768x429.png 768w" sizes="(max-width: 930px) 100vw, 930px" />															</div>
				</div>
					</div>
				</div>
				</div>

<p>Gerçekleştirilen örnek iş birlikleri Gerçekleştirilen örnek iş birlikleri, karşılıklı güven ve ortak hedefler doğrultusunda hayata geçirilmiştir. Bu kapsamda yürütülen projeler, hem kurumların kendi alanlarındaki güçlerini bir araya getirmesine hem de bölgesel ve uluslararası ölçekte katma değer yaratılmasına katkı sağlamıştır. İş birliği örnekleri, sadece ekonomik fayda üretmekle kalmayıp aynı zamanda sosyal sorumluluk, bilgi ve deneyim paylaşımı [&hellip;]</p>
